e
Is 238967 prime?
True
Is 842233 prime?
False
Is 111355 prime?
False
Is 2602673 a composite number?
False
Is 65761 a prime number?
True
Is 8077 composite?
True
Is 7411 composite?
False
Is 629891 composite?
False
Is 116719 a composite number?
False
Is 23741 a prime number?
True
Is 953 composite?
False
Is 4861 a composite number?
False
Is 24631 composite?
False
Is 681883 composite?
False
Is 121883 a composite number?
False
Is 18157 a composite number?
True
Is 2771 composite?
True
Is 22567 prime?
True
Is 102643 prime?
True
Is 1961 prime?
False
Is 39001 prime?
False
Is 17455 composite?
True
Is 605699 prime?
False
Is 8666609 composite?
True
Is 3831 composite?
True
Is 413441 composite?
True
Is 67153 composite?
False
Is 3511 a composite number?
False
Is 166393 a composite number?
False
Is 636211 prime?
True
Is 4109 a composite number?
True
Is 11917 a prime number?
False
Is 398813 a prime number?
True
Is 2609 composite?
False
Is 3427 a composite number?
True
Is 1626209 a prime number?
False
Is 71245 prime?
False
Is 821603 a prime number?
True
Is 2924555 a composite number?
True
Is 700717 a composite number?
False
Is 16937 composite?
False
Is 794987 a prime number?
False
Is 16753 a composite number?
True
Is 44938 composite?
True
Is 2179 a composite number?
False
Is 66739 a composite number?
False
Is 444589 composite?
False
Is 119885 a prime number?
False
Is 21247 composite?
False
Is 1637 composite?
False
Is 13027 prime?
False
Is 164569 a prime number?
True
Is 260371 a prime number?
False
Is 828169 prime?
True
Is 296473 a composite number?
False
Is 48073 a composite number?
False
Is 150218 composite?
True
Is 2041 prime?
False
Is 936253 prime?
True
Is 4127 a composite number?
False
Is 394811 composite?
False
Is 20161 a prime number?
True
Is 679361 prime?
True
Is 53471 prime?
False
Is 1891081 composite?
True
Is 118297 a composite number?
False
Is 2426 a prime number?
False
Is 430163 a composite number?
True
Is 2999 composite?
False
Is 389699 a prime number?
True
Is 14119 a composite number?
True
Is 6493 composite?
True
Is 488069 a composite number?
False
Is 2771 composite?
True
Is 4809113 composite?
True
Is 100847 a composite number?
False
Is 98041 a prime number?
True
Is 10771 prime?
True
Is 579239 prime?
True
Is 74131 a composite number?
False
Is 725767 a prime number?
False
Is 416557 composite?
True
Is 93683 a prime number?
True
Is 47757 prime?
False
Is 498203 a prime number?
False
Is 887 a prime number?
True
Is 745 a prime number?
False
Is 3943 prime?
True
Is 141377 composite?
True
Is 967 prime?
True
Is 59263 composite?
False
Is 52501 a composite number?
False
Is 233911 composite?
False
Is 2342 composite?
True
Is 111467 prime?
True
Is 160967 prime?
True
Is 208643 prime?
False
Is 40277 prime?
True
Is 97787 a prime number?
True
Is 7405 a composite number?
True
Is 44359 composite?
True
Is 22993 a composite number?
False
Is 5554 a prime number?
False
Is 266909 prime?
True
Is 220201 a prime number?
False
Is 360311 a composite number?
True
Is 269405 prime?
False
Is 68171 a composite number?
False
Is 85469 prime?
True
Is 3349 prime?
False
Is 19619 prime?
False
Is 29863 composite?
False
Is 2777 composite?
False
Is 948391 a prime number?
True
Is 584489 prime?
False
Is 125053 composite?
False
Is 1204761 composite?
True
Is 17291 a prime number?
True
Is 1567 composite?
False
Is 12323 prime?
True
Is 33997 prime?
True
Is 10229 composite?
True
Is 194 a prime number?
False
Is 4327 composite?
False
Is 209659 composite?
False
Is 319939 prime?
False
Is 172621 a composite number?
True
Is 125527 prime?
True
Is 27443 a prime number?
False
Is 2099 prime?
True
Is 1124551 a composite number?
False
Is 1845827 a composite number?
False
Is 13273 a prime number?
False
Is 1120001 a prime number?
True
Is 29451 a prime number?
False
Is 2579 composite?
False
Is 83383 composite?
False
Is 1500719 prime?
False
Is 4747 a prime number?
False
Is 24659 a prime number?
True
Is 8059 a prime number?
True
Is 17527 composite?
True
Is 26867 composite?
True
Is 29663 a prime number?
True
Is 26513 prime?
True
Is 44006 a composite number?
True
Is 13085 a composite number?
True
Is 765242 composite?
True
Is 1205717 composite?
False
Is 13121 prime?
True
Is 27611 prime?
True
Is 829271 prime?
False
Is 178417 a prime number?
True
Is 13283 a composite number?
True
Is 28277 prime?
True
Is 154871 a composite number?
False
Is 2749 a prime number?
True
Is 200971 a composite number?
False
Is 656471 a composite number?
False
Is 225263 a prime number?
True
Is 9383 a prime number?
False
Is 11777 composite?
False
Is 594565 prime?
False
Is 13669 a prime number?
True
Is 7669 a prime number?
True
Is 4889 a composite number?
False
Is 205291 prime?
False
Is 4791 composite?
True
Is 8951 composite?
False
Is 7711 composite?
True
Is 68273 composite?
True
Is 2437 composite?
False
Is 216289 prime?
True
Is 47993 prime?
False
Is 1793 a prime number?
False
Is 7121 a composite number?
False
Is 12007 prime?
True
Is 19959 prime?
False
Is 16969 a prime number?
False
Is 10559 a prime number?
True
Is 98823 a composite number?
True
Is 78635 a composite number?
True
Is 12443 a prime number?
False
Is 314213 composite?
False
Is 149881 prime?
False
Is 11657 a prime number?
True
Is 4999 a composite number?
False
Is 839483 prime?
True
Is 73817 composite?
True
Is 55951 prime?
False
Is 587 a prime number?
True
Is 126713 prime?
True
Is 4341 prime?
False
Is 247301 a prime number?
True
Is 47459 composite?
False
Is 93281 a composite number?
False
Is 26041 a prime number?
True
Is 1427221 a prime number?
True
Is 144883 composite?
False
Is 31877 prime?
False
Is 633 a composite number?
True
Is 7433 composite?
False
Is 38149 a composite number?
False
Is 184967 a composite number?
False
Is 201937 a composite number?
False
Is 1242269 a composite number?
True
Is 10219 a composite number?
True
Is 7453 a composite number?
True
Is 22513 a prime number?
False
Is 630235 a composite number?
True
Is 18341 a prime number?
True
Is 286015 a prime number?
False
Is 61781 a composite number?
False
Is 7799 a composite number?
True
Is 81707 a prime number?
True
Is 269239 prime?
False
Is 22853 a composite number?
False
Is 1241 a prime number?
False
Is 670363 prime?
True
Is 995 a composite number?
True
Is 16249 composite?
False
Is 33563 prime?
True
Is 2827 a composite number?
True
Is 8333 a composite number?
True
Is 271163 prime?
True
Is 5644495 a composite number?
True
Is 106903 prime?
True
Is 877 prime?
True
Is 31139 composite?
False
Is 378799 a composite number?
True
Is 106093 a composite number?
True
Is 28807 prime?
True
Is 428221 composite?
False
Is 1397 a prime number?
False
Is 178943 a prime number?
False
Is 72682 a prime number?
False
Is 2789 a prime number?
True
Is 25667 a composite number?
False
Is 4721 a prime number?
True
Is 1649 prime?
False
Is 8287 a composite number?
False
Is 49673 a prime number?
False
Is 44881 prime?
False
Is 54907 composite?
False
Is 326939 composite?
False
Is 34519 prime?
True
Is 33842 a prime number?
False
Is 13397 a composite number?
False
Is 2049731 a composite number?
True
Is 86923 composite?
False
Is 5167 a composite number?
False
Is 26867 a composite number?
True
Is 921 a prime number?
False
Is 3229 a composite number?
False
Is 643403 composite?
False
Is 1621 composite?
False
Is 18799 prime?
False
Is 1244857 composite?
False
Is 1362571 a composite number?
True
Is 4607 composite?
True
Is 470263 prime?
True
Is 4016917 a prime number?
True
Is 32278 a composite number?
True
Is 360695 composite?
True
Is 314057 composite?
True
Is 253601 composite?
False
Is 137986 a prime number?
False
Is 33679 prime?
True
Is 76645 prime?
False
Is 19231 a prime number?
True
Is 47153 prime?
False
Is 74839 a composite number?
True
Is 16049 a composite number?
True
Is 554611 prime?
True
Is 30533 prime?
False
Is 40735 prime?
False
Is 23957 a prime number?
True
Is 501733 a prime number?
False
Is 1559 a composite number?
False
Is 94747 composite?
False
Is 17167 prime?
True
Is 1381 composite?
False
Is 39883 a prime number?
True
Is 129329 composite?
True
Is 196921 a prime number?
False
Is 275789 a composite number?
True
Is 48563 a composite number?
False
Is 29917 a prime number?
True
Is 204119 a prime number?
False
Is 536763 composite?
True
Is 651313 a prim